d by x(5)?
2
Suppose 1 = -z - 3. Suppose -70 = -5*o + 5*l - 10*l, 70 = 5*o - 5*l. What is the remainder when 2/(-4) - 162/z is divided by o?
12
Let a = 63 - 66. Let g = a - -9. What is the remainder when 27 is divided by g?
3
Let h(n) = -30*n - 1. Let w = -71 - -109. What is the remainder when h(-5) is divided by w?
35
Let j(x) = -x**3 - 12*x**2 + 19*x - 8. Let d be j(-14). Let u = d + -57. Calculate the remainder when u is divided by 32.
29
Let d(a) = -2*a**3 - a**2 + 13*a - 2. Let m be 30/(-8) + ((-1)/4)/1. Calculate the remainder when d(m) is divided by 20.
18
Suppose 96 - 36 = -3*h. Let o = h + 24. Suppose 12 = -3*w + 42. What is the remainder when w is divided by o?
2
Let p = 1015 + -987. Calculate the remainder when 184 is divided by p.
16
Let o = 516 + -277. What is the remainder when o is divided by 81?
77
What is the remainder when (-2)/(-26) + (-2833)/(-13) is divided by 55?
53
Let q(t) = t**3 + 9*t**2 + 8*t + 12. Let f be q(-8). Let p = 120 + -85. Calculate the remainder when p is divided by f/1*(-4)/(-4).
11
Let j = -48 + -50. Calculate the remainder when (5 + -4 - 0)*(-1 - j) is divided by 9.
7
Let q(h) = -4*h**3 - 6*h**2 - h + 5. Let s be q(-4). Suppose -s = -2*f - 15. Let i = 159 - f. What is the remainder when i is divided by 17?
14
Let j(k) = 7*k**2 - 1. Let f be j(1). Let y(g) = 7*g - 21. Calculate the remainder when y(f) is divided by 11.
10
Suppose v - 6 = 3*t, t = -0*v - 3*v + 8. Suppose -1 - 3 = 2*b, -v*n - 4*b + 31 = 0. Calculate the remainder when 51 is divided by n.
12
Suppose -j - 14*r + 39 = -13*r, -r - 181 = -4*j. Calculate the remainder when j is divided by 8.
4
Let c(x) = -2*x**3 - x**2 - 3*x + 2. Let u be c(4). Let i = -101 - u. Calculate the remainder when i is divided by 18.
17
Let z = -330 + 421. What is the remainder when z is divided by 28?
7
Let y = 0 + 4. Suppose -y*p - 29 + 173 = 0. What is the remainder when p is divided by (-7 + -3)*(1 - 2)?
6
Suppose 1 = v, -2*a - 7*v = -12*v - 913. Calculate the remainder when a is divided by 77.
74
Suppose 3*n = 8*z - 5*z - 144, 0 = 5*z - 2*n - 234. What is the remainder when 95 is divided by z?
3
Let t = -98 - -70. Let d = t - -30. Suppose 10 = -d*u, 2*z + z = 2*u + 109. Calculate the remainder when 97 is divided by z.
31
Let m(q) = q**2 - 11*q + 1. Let d(h) = h + 1. Let g(l) = 3*d(l) + m(l). What is the remainder when -1 + 0 + 13 + 2 is divided by g(8)?
2
Suppose -5*k + 54 = -96. Suppose -5*l - 5*i + 885 = 0, -l + 36 = 3*i - 141. Calculate the remainder when l is divided by k.
27
Let l = 14 - 5. Let w(b) = b**2 + 19*b + 90. Calculate the remainder when l is divided by w(-12).
3
Let y(o) = 8*o**2 - 3*o - 9. What is the remainder when y(5) is divided by 40?
16
Let p(o) = 7*o - 3. Let d = 34 - 37. Calculate the remainder when d/2*1704/(-36) is divided by p(3).
17
Suppose 0 = -k + 4*x + 8, -5*k + k + 3*x = -32. Suppose -128 = -12*a + k*a. Let j = 33 + -16. What is the remainder when a is divided by j?
15
Suppose -5*x + 95 = 5*z, -5*z + 0*z + x + 77 = 0. Let j = 37 - z. What is the remainder when 59 is divided by j?
17
Suppose -2*p - 5 - 3 = 0. Calculate the remainder when ((-146)/p)/(3/6) is divided by 25.
23
Calculate the remainder when ((-15792)/280)/(3/(-15)) is divided by 19.
16
Calculate the remainder when -42*((-94)/6 - (-20 - -13)) is divided by 46.
42
Let d = 10 - -40. Suppose 2*g - 12 = -2*f, -12 = 2*f - 4*g - 0*g. Suppose f + 11 = o. What is the remainder when d is divided by o?
11
Let j(o) = -2*o**2 + 16*o - 12. Let n be j(7). Suppose -7 = -n*p - l + 14, 3*p - l - 24 = 0. Calculate the remainder when (2 + 0)/(2/13) is divided by p.
4
Suppose -5*u - 676 = -2*o - 0*o, -4*u = -4*o + 1328. Suppose -5*a + o + 262 = 0. What is the remainder when a is divided by 30?
28
Suppose 0 = 15*p - 6*p + 1602. Let d = -99 - p. What is the remainder when d is divided by 20?
19
Suppose -41 = 4*r + 31. What is the remainder when (-122)/(-6) - (102/r - -5) is divided by 12?
9
Suppose 3*z = -v + 873, 60*z - 59*z - 4*v - 304 = 0. Calculate the remainder when z is divided by 98.
96
Let j = 2283 + -2032. What is the remainder when j is divided by 12?
11
Let a be ((-9)/((-162)/24))/(8/(-12)). Suppose -43 = -5*w + 5*l - 13, 2*w + 2*l + 4 = 0. Calculate the remainder when (-45)/a + w/(-4) is divided by 12.
10
Let g = 1953 + -1919. Let q = 67 - -34. Calculate the remainder when q is divided by g.
33
Let q(w) be the second derivative of w**5/20 + w**3/6 - w**2/2 + w. Let a = 30 + -28. Calculate the remainder when 15 is divided by q(a).
6
Suppose 3*u - 33 = 48. Let k(p) = -7 + 173*p**2 + 12*p - 10 - 174*p**2. Calculate the remainder when u is divided by k(9).
7
Suppose x - 3*w = 241, -x + 87 + 148 = 3*w. Calculate the remainder when x is divided by 8.
6
Let f(u) = -u**3 - u**2 + 2. Suppose 5*z - 2*h = 0, 4*h - 2*h + 4 = 3*z. Let c = 140 - 119. Calculate the remainder when c is divided by f(z).
3
Let n(p) = 2*p**3 - 10*p**2 - 8*p + 29. What is the remainder when n(6) is divided by 8?
5
Suppose -t = -2*h - 82, -2*t + 134 = h - 20. What is the remainder when (t/(-12))/((-2)/20) is divided by 11?
10
Suppose f + 2 = k - 4*k, -2*k - 6 = -4*f. Calculate the remainder when 29 is divided by 13 + (f + -4)*1.
9
Suppose 14 + 4 = 3*w. Suppose -3*h + w = 5*v - 0, -5*h + 10 = 2*v. Calculate the remainder when 33 is divided by (19 + -2)*h/2.
16
Suppose 0 = -4*r + 87 + 121. Suppose 18*o - 22*o - r = 0. Let l = -1 - o. What is the remainder when 47 is divided by l?
11
Let m = 40 + -65. Let q = m - -34. Calculate the remainder when 34 is divided by q.
7
Suppose -w = 3*w - 124. Let t(b) = -b + 40. Let a(k) = 2*k**2 - 5*k + 11. Let p be a(4). What is the remainder when w is divided by t(p)?
14
Suppose -2*p = -4*p + 10, 0 = d - 3*p + 20. Let b = d + 75. Calculate the remainder when b is divided by 18.
16
Let b = 3 + 3. Let o = -4 + b. Suppose o*c + 3*w = -w, 5*w = -5*c + 20. What is the remainder when c is divided by 5?
3
Let w(d) be the third derivative of -d**4/4 - d**3/6 + 11*d**2. Calculate the remainder when (-18)/(-2 + 1) + 0 is divided by w(-1).
3
Let z = 132 - 110. Calculate the remainder when z is divided by 11.
0
Let n = -1099 + 1115. Calculate the remainder when 1311 is divided by n.
15
Suppose -277*k - 132 = -280*k. Calculate the remainder when 167 is divided by k.
35
What is the remainder when 63 is divided by 33 + -1 + 6*(-2)/(-6)?
29
Let s(w) = 18*w**3 + w**2 - w. Let a(t) = -t**2 - 9*t - 4. Let u be 12/(-42) + 47/(-7). What is the remainder when s(1) is divided by a(u)?
8
Suppose y = 4*y. Suppose -t = -2*k - 35, -5*t + y*k - 4*k = -175. What is the remainder when t is divided by 18?
17
Let o = 594 - 584. Calculate the remainder when 397 is divided by o.
7
Let w(k) = 7*k + 5 - 6*k + 4. Calculate the remainder when w(12) is divided by -3*(1 - (-4 + 7)).
3
Suppose 0*o = -2*o + 6. Suppose -o + 5 = -z. What is the remainder when (3 - z)*258/30 is divided by 11?
10
Suppose 5*r = -0*r + b + 537, -5*r - 4*b = -527. What is the remainder when r is divided by 60?
47
Let n(y) = y**3 - 58*y**2 + 442*y + 12. What is the remainder when n(49) is divided by (-2)/(-4)*16*2?
13
Suppose 6*x - 10*x = 0. Suppose c - 81 - 3 = x. Calculate the remainder when c is divided by 22.
18
Let f(u) = -4*u. Let d be f(3). Let r(b) = -b**3 - 13*b**2 - 14*b + 16. Let z be r(d). Let l = z + -24. Calculate the remainder when 61 is divided by l.
13
Let u = -5 + 18. Suppose 0 = -3*w + 204 + 81. Let l = -70 + w. Calculate the remainder when l is divided by u.
12
Suppose 21*u - 1135 = -64. What is the remainder when u is divided by 40?
11
Suppose -4*f + 4*u + 44 = 0, -3*f + 54 = 5*u - u. Let s(r) = -r + r**2 + 0*r**2 - r + r + 3. Calculate the remainder when f is divided by s(2).
4
Suppose -5*m + 70 = 5*p, -3*m = -p + 14 + 16. Let q = -23 + p. Let i = q - -20. What is the remainder when 58 is divided by i?
13
Suppose 0 = -s - 71 + 76. Suppose -107 = -s*z - 7. Calculate the remainder when z is divided by 8.
4
Suppose 0 = -u + b + 10, 7 = -2*b + 3. Suppose 0*g - 5 = 5*g. Calculate the remainder when 31*(1 + -2)*g is divided by u.
7
Suppose 0 = 2*r - 5*r + 39. Calculate the remainder when r is divided by 78/24 + (-2)/8.
1
Let y(d) = -d**3 + 12*d**2 - d - 16. Let n be y(9). Let h = -114 + n. Calculate the remainder when h is divided b